{"id":1289,"date":"2024-01-16T11:16:07","date_gmt":"2024-01-16T10:16:07","guid":{"rendered":"http:\/\/unpasdecote.asso.fr\/?page_id=1289"},"modified":"2024-01-16T11:17:39","modified_gmt":"2024-01-16T10:17:39","slug":"cie-du-videur-de-sac","status":"publish","type":"page","link":"https:\/\/unpasdecote.asso.fr\/index.php\/cie-du-videur-de-sac\/","title":{"rendered":"Cie Du Videur de Sac &#8211; cirque"},"content":{"rendered":"<div align=\"center\"><b><i>Vite, il est trop tard\u00a0!<\/i><\/b><br \/>\n<b><i>R\u00e9cit d&rsquo;un militant en d\u00e9solation.<\/i><\/b><br \/>\n<b><i>&#8211; <\/i><\/b><br \/>\n<b><i> Cie du Videur de Sac<\/i><\/b><br \/>\n<b><i> <\/i><\/b><\/div>\n<p>&#8212;&#8212;&#8212;<\/p>\n<p>Vite, il est trop tard !<br \/>\nContradiction\u00a0? C\u2019est ce qui arrive quand la vie dissone. Trop de questions, trop peu de r\u00e9ponses. Les contradictions se bousculent, rien ne colle. On tangue.<br \/>\n\u00c0 travers le fil de fer et l\u2019acrobatie, indign\u00e9 ou r\u00e9sign\u00e9, on navigue en nos troubles. Face \u00e0 la catastrophe, on essaie de trouver le geste juste, celui qui nous fera nous sentir \u00e0 notre place, d\u00e9termin\u00e9.e.s et vivant.e.s.<br \/>\nDebout sur son fil, cherchant ou errant, il n\u2019a qu\u2019une seule certitude : il faut tenir.<\/p>\n<p>&#8212;&#8212;&#8212;&#8212;<\/p>\n<p>Spectacle de cirque contemporain pour tous publics.<br \/>\nFil de fer, acrobatie et r\u00e9cits. Dur\u00e9e : 20 minutes.<br \/>\n<a class=\"moz-txt-link-abbreviated moz-txt-link-freetext\" href=\"mailto:videurdesac@protonmail.com\">videurdesac@protonmail.com<\/a><\/p>\n","protected":false},"excerpt":{"rendered":"<p>Vite, il est trop tard\u00a0! R\u00e9cit d&rsquo;un militant en d\u00e9solation. &#8211; Cie du Videur de Sac &#8212;&#8212;&#8212; Vite, il est trop tard ! Contradiction\u00a0? C\u2019est &hellip; <\/p>\n","protected":false},"author":1,"featured_media":1290,"parent":0,"menu_order":0,"comment_status":"closed","ping_status":"closed","template":"","meta":{"footnotes":""},"class_list":["post-1289","page","type-page","status-publish","has-post-thumbnail","hentry"],"_links":{"self":[{"href":"https:\/\/unpasdecote.asso.fr\/index.php\/wp-json\/wp\/v2\/pages\/1289","targetHints":{"allow":["GET"]}}],"collection":[{"href":"https:\/\/unpasdecote.asso.fr\/index.php\/wp-json\/wp\/v2\/pages"}],"about":[{"href":"https:\/\/unpasdecote.asso.fr\/index.php\/wp-json\/wp\/v2\/types\/page"}],"author":[{"embeddable":true,"href":"https:\/\/unpasdecote.asso.fr\/index.php\/wp-json\/wp\/v2\/users\/1"}],"replies":[{"embeddable":true,"href":"https:\/\/unpasdecote.asso.fr\/index.php\/wp-json\/wp\/v2\/comments?post=1289"}],"version-history":[{"count":2,"href":"https:\/\/unpasdecote.asso.fr\/index.php\/wp-json\/wp\/v2\/pages\/1289\/revisions"}],"predecessor-version":[{"id":1293,"href":"https:\/\/unpasdecote.asso.fr\/index.php\/wp-json\/wp\/v2\/pages\/1289\/revisions\/1293"}],"wp:featuredmedia":[{"embeddable":true,"href":"https:\/\/unpasdecote.asso.fr\/index.php\/wp-json\/wp\/v2\/media\/1290"}],"wp:attachment":[{"href":"https:\/\/unpasdecote.asso.fr\/index.php\/wp-json\/wp\/v2\/media?parent=1289"}],"curies":[{"name":"wp","href":"https:\/\/api.w.org\/{rel}","templated":true}]}}