{"id":2005,"date":"2025-03-19T15:56:29","date_gmt":"2025-03-19T14:56:29","guid":{"rendered":"https:\/\/unpasdecote.asso.fr\/?page_id=2005"},"modified":"2025-03-26T17:35:20","modified_gmt":"2025-03-26T16:35:20","slug":"louvre-boites","status":"publish","type":"page","link":"https:\/\/unpasdecote.asso.fr\/index.php\/louvre-boites\/","title":{"rendered":"L&rsquo;Ouvre-Bo\u00eetes"},"content":{"rendered":"\t\t<div data-elementor-type=\"wp-page\" data-elementor-id=\"2005\" class=\"elementor elementor-2005\">\n\t\t\t\t<div class=\"elementor-element elementor-element-2431a720 e-flex e-con-boxed e-con e-parent\" data-id=\"2431a720\" data-element_type=\"container\" data-e-type=\"container\">\n\t\t\t\t\t<div class=\"e-con-inner\">\n\t\t\t\t<div class=\"elementor-element elementor-element-3fc287b3 elementor-widget elementor-widget-text-editor\" data-id=\"3fc287b3\" data-element_type=\"widget\" data-e-type=\"widget\" data-widget_type=\"text-editor.default\">\n\t\t\t\t<div class=\"elementor-widget-container\">\n\t\t\t\t\t\t\t\t\t<p>Le Festival des Low Tech et autre bricolages.<\/p><p class=\"cvGsUA direction-ltr align-justify para-style-body\"><span class=\"OYPEnA font-feature-liga-off font-feature-clig-off font-feature-calt-off text-decoration-none text-strikethrough-none\">C\u2019est un\u00a0<\/span><span class=\"OYPEnA font-feature-liga-off font-feature-clig-off font-feature-calt-off text-decoration-none text-strikethrough-none\">festival hybride autour de la transition \u00e9cologique, \u00e9nerg\u00e9tique et sociale<\/span><span class=\"OYPEnA font-feature-liga-off font-feature-clig-off font-feature-calt-off text-decoration-none text-strikethrough-none\">. Plus pr\u00e9cis\u00e9ment autour des low tech (Ensemble de technologies simples, peu on\u00e9reuses, accessibles \u00e0 tous et facilement r\u00e9parables, faisant appel \u00e0 des moyens courants et locaux.).<\/span><\/p><p class=\"cvGsUA direction-ltr align-justify para-style-body\"><span class=\"OYPEnA font-feature-liga-off font-feature-clig-off font-feature-calt-off text-decoration-none text-strikethrough-none\"> Un savant m\u00e9lange entre propositions artistiques, conf\u00e9rences, ateliers d\u00e9couvertes, chantiers participatifs, rencontres professionnelles et r\u00e9sidences d\u2019artistes<\/span> <span class=\"OYPEnA font-feature-liga-off font-feature-clig-off font-feature-calt-off text-decoration-none text-strikethrough-none\">sur 5 lieux.<\/span><\/p><p class=\"cvGsUA direction-ltr align-justify para-style-body\"><span class=\"OYPEnA font-feature-liga-off font-feature-clig-off font-feature-calt-off text-decoration-none text-strikethrough-none\">Avec un point de regroupement \u00e0 St L\u00e9zin autour du chapiteau pour la cantine, des spectacles en semaine et une journ\u00e9e finale r\u00e9unissant tous les projets le samedi.<\/span><\/p><p class=\"cvGsUA direction-ltr align-justify para-style-body\">\u00a0<\/p><p class=\"cvGsUA direction-ltr align-justify para-style-body\"><span class=\"OYPEnA font-feature-liga-off font-feature-clig-off font-feature-calt-off text-decoration-none text-strikethrough-none\">L\u2019id\u00e9e est d\u2019articuler des moments de connaissances et de r\u00e9flexion sur les constats et la n\u00e9cessit\u00e9 d\u2019agir (spectacles\/conf\u00e9rences) avec du concret et du faire ensemble (chantiers et ateliers)<\/span><\/p><p class=\"cvGsUA direction-ltr align-justify para-style-body\"><span class=\"OYPEnA font-feature-liga-off font-feature-clig-off font-feature-calt-off text-decoration-none text-strikethrough-none\">L&rsquo;Ouvre Bo\u00eetes, c&rsquo;est \u00e9galement des actions de sensibilisation en milieu scolaire.<\/span><\/p><p class=\"cvGsUA direction-ltr align-justify para-style-body\"><span class=\"OYPEnA font-feature-liga-off font-feature-clig-off font-feature-calt-off text-decoration-none text-strikethrough-none\">L&rsquo;ouvre Bo\u00eetes c&rsquo;est un r\u00e9seau local d&rsquo;acteurs aux profils diff\u00e9rents autour des Low Tech<\/span><\/p><p>Un site d\u00e9di\u00e9 au festival va bient\u00f4t voir le jour. en attendant vous pouvez nous suivre sur FB : <a href=\"https:\/\/www.facebook.com\/ouvreboiteschemille\" target=\"_blank\" rel=\"noopener\">https:\/\/www.facebook.com\/ouvreboiteschemille<\/a><\/p>\t\t\t\t\t\t\t\t<\/div>\n\t\t\t\t<\/div>\n\t\t\t\t\t<\/div>\n\t\t\t\t<\/div>\n\t\t<div class=\"elementor-element elementor-element-0bd4757 e-flex e-con-boxed e-con e-parent\" data-id=\"0bd4757\" data-element_type=\"container\" data-e-type=\"container\">\n\t\t\t\t\t<div class=\"e-con-inner\">\n\t\t\t\t<div class=\"elementor-element elementor-element-04a54aa elementor-grid-eael-col-4 elementor-grid-tablet-eael-col-2 elementor-grid-mobile-eael-col-1 elementor-widget elementor-widget-eael-post-grid\" data-id=\"04a54aa\" data-element_type=\"widget\" data-e-type=\"widget\" data-settings=\"{&quot;eael_post_grid_columns&quot;:&quot;eael-col-4&quot;,&quot;eael_post_grid_columns_tablet&quot;:&quot;eael-col-2&quot;,&quot;eael_post_grid_columns_mobile&quot;:&quot;eael-col-1&quot;}\" data-widget_type=\"eael-post-grid.default\">\n\t\t\t\t<div class=\"elementor-widget-container\">\n\t\t\t\t\t<div id=\"eael-post-grid-04a54aa\" class=\"eael-post-grid-container\">\n            <div class=\"eael-post-grid eael-post-appender eael-post-appender-04a54aa eael-post-grid-style-one\" data-layout-mode=\"masonry\"><article class=\"eael-grid-post  eael-post-grid-column eael-pg-post-2219 category-ouvre-boites\" data-id=\"2219\">\n        <div class=\"eael-grid-post-holder\">\n            <div class=\"eael-grid-post-holder-inner\"><div class=\"eael-entry-media\"><div class=\"eael-entry-overlay fade-in\"><i class=\"fas fa-long-arrow-alt-right\" aria-hidden=\"true\"><\/i><a href=\"https:\/\/unpasdecote.asso.fr\/index.php\/2025\/06\/27\/louvre-boites-2025-la-programmation\/\"><\/a><\/div><div class=\"eael-entry-thumbnail \">\n                <img fetchpriority=\"high\" decoding=\"async\" width=\"213\" height=\"300\" src=\"https:\/\/unpasdecote.asso.fr\/wp-content\/uploads\/2025\/06\/Affiche-imp-213x300.png\" class=\"attachment-medium size-medium wp-image-2220\" alt=\"\" srcset=\"https:\/\/unpasdecote.asso.fr\/wp-content\/uploads\/2025\/06\/Affiche-imp-213x300.png 213w, https:\/\/unpasdecote.asso.fr\/wp-content\/uploads\/2025\/06\/Affiche-imp-726x1024.png 726w, https:\/\/unpasdecote.asso.fr\/wp-content\/uploads\/2025\/06\/Affiche-imp-768x1083.png 768w, https:\/\/unpasdecote.asso.fr\/wp-content\/uploads\/2025\/06\/Affiche-imp-1090x1536.png 1090w, https:\/\/unpasdecote.asso.fr\/wp-content\/uploads\/2025\/06\/Affiche-imp.png 1194w\" sizes=\"(max-width: 213px) 100vw, 213px\" \/>\n            <\/div>\n        <\/div><div class=\"eael-entry-wrapper\"><header class=\"eael-entry-header\"><h2 class=\"eael-entry-title\"><a class=\"eael-grid-post-link\" href=\"https:\/\/unpasdecote.asso.fr\/index.php\/2025\/06\/27\/louvre-boites-2025-la-programmation\/\" title=\"L&rsquo;Ouvre-Bo\u00eetes 2025 : La programmation\">L&rsquo;Ouvre-Bo\u00eetes 2025 : La programmation<\/a><\/h2><\/header><div class=\"eael-entry-content\">\n                        <div class=\"eael-grid-post-excerpt\"><p>L&rsquo;Ouvre-Bo\u00eetes 2025 &#8211; festival des Low Tech et du faire...<\/p><a href=\"https:\/\/unpasdecote.asso.fr\/index.php\/2025\/06\/27\/louvre-boites-2025-la-programmation\/\" class=\"eael-post-elements-readmore-btn\">Read More<\/a><\/div>\n                    <\/div><div class=\"eael-entry-footer\"><div class=\"eael-author-avatar\"><a href=\"https:\/\/unpasdecote.asso.fr\/author\/pv4193-ovh\/\"><img alt='pv4193-ovh' src='https:\/\/secure.gravatar.com\/avatar\/5c060d10c33ae8180fefa77c2e8fc26936bae5fee00cf624713a73cff76d6e69?s=96&#038;d=mm&#038;r=g' srcset='https:\/\/secure.gravatar.com\/avatar\/5c060d10c33ae8180fefa77c2e8fc26936bae5fee00cf624713a73cff76d6e69?s=192&#038;d=mm&#038;r=g 2x' class='avatar avatar-96 photo' height='96' width='96' \/><\/a><\/div><div class=\"eael-entry-meta\"><span class=\"eael-posted-by\"><a href=\"https:\/\/unpasdecote.asso.fr\/author\/pv4193-ovh\/\" title=\"Posts by pv4193-ovh\" rel=\"author\">pv4193-ovh<\/a><\/span><span class=\"eael-posted-on\"><time datetime=\"27 juin 2025\">27 juin 2025<\/time><\/span><\/div><\/div><\/div><\/div>\n        <\/div>\n    <\/article><article class=\"eael-grid-post  eael-post-grid-column eael-pg-post-791 category-ouvre-boites-non-classe\" data-id=\"791\">\n        <div class=\"eael-grid-post-holder\">\n            <div class=\"eael-grid-post-holder-inner\"><div class=\"eael-entry-media\"><div class=\"eael-entry-overlay fade-in\"><i class=\"fas fa-long-arrow-alt-right\" aria-hidden=\"true\"><\/i><a href=\"https:\/\/unpasdecote.asso.fr\/index.php\/2022\/09\/17\/louvre-boites-2022-en-image\/\"><\/a><\/div><div class=\"eael-entry-thumbnail \">\n                <img decoding=\"async\" width=\"300\" height=\"200\" src=\"https:\/\/unpasdecote.asso.fr\/wp-content\/uploads\/2023\/01\/DSCF1566_s-300x200.jpg\" class=\"attachment-medium size-medium wp-image-902\" alt=\"\" srcset=\"https:\/\/unpasdecote.asso.fr\/wp-content\/uploads\/2023\/01\/DSCF1566_s-300x200.jpg 300w, https:\/\/unpasdecote.asso.fr\/wp-content\/uploads\/2023\/01\/DSCF1566_s-1024x682.jpg 1024w, https:\/\/unpasdecote.asso.fr\/wp-content\/uploads\/2023\/01\/DSCF1566_s-768x512.jpg 768w, https:\/\/unpasdecote.asso.fr\/wp-content\/uploads\/2023\/01\/DSCF1566_s-1536x1024.jpg 1536w, https:\/\/unpasdecote.asso.fr\/wp-content\/uploads\/2023\/01\/DSCF1566_s-405x270.jpg 405w, https:\/\/unpasdecote.asso.fr\/wp-content\/uploads\/2023\/01\/DSCF1566_s-1320x880.jpg 1320w, https:\/\/unpasdecote.asso.fr\/wp-content\/uploads\/2023\/01\/DSCF1566_s.jpg 2000w\" sizes=\"(max-width: 300px) 100vw, 300px\" \/>\n            <\/div>\n        <\/div><div class=\"eael-entry-wrapper\"><header class=\"eael-entry-header\"><h2 class=\"eael-entry-title\"><a class=\"eael-grid-post-link\" href=\"https:\/\/unpasdecote.asso.fr\/index.php\/2022\/09\/17\/louvre-boites-2022-en-image\/\" title=\"L&rsquo;Ouvre Bo\u00eetes 2022 en image\">L&rsquo;Ouvre Bo\u00eetes 2022 en image<\/a><\/h2><\/header><div class=\"eael-entry-content\">\n                        <div class=\"eael-grid-post-excerpt\"><p><\/p><a href=\"https:\/\/unpasdecote.asso.fr\/index.php\/2022\/09\/17\/louvre-boites-2022-en-image\/\" class=\"eael-post-elements-readmore-btn\">Read More<\/a><\/div>\n                    <\/div><div class=\"eael-entry-footer\"><div class=\"eael-author-avatar\"><a href=\"https:\/\/unpasdecote.asso.fr\/author\/pv4193-ovh\/\"><img alt='pv4193-ovh' src='https:\/\/secure.gravatar.com\/avatar\/5c060d10c33ae8180fefa77c2e8fc26936bae5fee00cf624713a73cff76d6e69?s=96&#038;d=mm&#038;r=g' srcset='https:\/\/secure.gravatar.com\/avatar\/5c060d10c33ae8180fefa77c2e8fc26936bae5fee00cf624713a73cff76d6e69?s=192&#038;d=mm&#038;r=g 2x' class='avatar avatar-96 photo' height='96' width='96' \/><\/a><\/div><div class=\"eael-entry-meta\"><span class=\"eael-posted-by\"><a href=\"https:\/\/unpasdecote.asso.fr\/author\/pv4193-ovh\/\" title=\"Posts by pv4193-ovh\" rel=\"author\">pv4193-ovh<\/a><\/span><span class=\"eael-posted-on\"><time datetime=\"17 septembre 2022\">17 septembre 2022<\/time><\/span><\/div><\/div><\/div><\/div>\n        <\/div>\n    <\/article><\/div>\n            <div class=\"clearfix\"><\/div>\n        <\/div>\t\t\t\t<\/div>\n\t\t\t\t<\/div>\n\t\t\t\t\t<\/div>\n\t\t\t\t<\/div>\n\t\t\t\t<\/div>\n\t\t","protected":false},"excerpt":{"rendered":"<p>Le Festival des Low Tech et autre bricolages. C\u2019est un\u00a0festival hybride autour de la transition \u00e9cologique, \u00e9nerg\u00e9tique et sociale. Plus pr\u00e9cis\u00e9ment autour des low tech &hellip; <\/p>\n","protected":false},"author":1,"featured_media":0,"parent":0,"menu_order":0,"comment_status":"closed","ping_status":"closed","template":"","meta":{"footnotes":""},"class_list":["post-2005","page","type-page","status-publish","hentry"],"_links":{"self":[{"href":"https:\/\/unpasdecote.asso.fr\/index.php\/wp-json\/wp\/v2\/pages\/2005","targetHints":{"allow":["GET"]}}],"collection":[{"href":"https:\/\/unpasdecote.asso.fr\/index.php\/wp-json\/wp\/v2\/pages"}],"about":[{"href":"https:\/\/unpasdecote.asso.fr\/index.php\/wp-json\/wp\/v2\/types\/page"}],"author":[{"embeddable":true,"href":"https:\/\/unpasdecote.asso.fr\/index.php\/wp-json\/wp\/v2\/users\/1"}],"replies":[{"embeddable":true,"href":"https:\/\/unpasdecote.asso.fr\/index.php\/wp-json\/wp\/v2\/comments?post=2005"}],"version-history":[{"count":13,"href":"https:\/\/unpasdecote.asso.fr\/index.php\/wp-json\/wp\/v2\/pages\/2005\/revisions"}],"predecessor-version":[{"id":2052,"href":"https:\/\/unpasdecote.asso.fr\/index.php\/wp-json\/wp\/v2\/pages\/2005\/revisions\/2052"}],"wp:attachment":[{"href":"https:\/\/unpasdecote.asso.fr\/index.php\/wp-json\/wp\/v2\/media?parent=2005"}],"curies":[{"name":"wp","href":"https:\/\/api.w.org\/{rel}","templated":true}]}}