{"id":29,"date":"2020-11-05T11:00:11","date_gmt":"2020-11-05T10:00:11","guid":{"rendered":"http:\/\/unpasdecote.asso.fr\/?p=29"},"modified":"2022-12-16T12:20:16","modified_gmt":"2022-12-16T11:20:16","slug":"interventions-pedagogiques-en-milieu-scolaire","status":"publish","type":"page","link":"https:\/\/unpasdecote.asso.fr\/index.php\/interventions-pedagogiques-en-milieu-scolaire\/","title":{"rendered":"Interventions Arts du cirque"},"content":{"rendered":"\r\n<h3 style=\"text-align: center;\">Un Pas De C\u00f4t\u00e9 propose des interventions Arts Du Cirque au sein des structures. Les interventions peuvent \u00eatre compl\u00e9ter par des accueils \u00e0 la journ\u00e9e sous le chapiteau \u00e0 St L\u00e9zin.<\/h3>\r\n<h1 style=\"text-align: center;\"><strong>Publics<\/strong><\/h1>\r\n<p>Tous publics de structures socio-\u00e9ducatives, ou socio-m\u00e9dicale : cr\u00eaches, RAM, ALSH, Ecoles, IME, MAS, EPHAD\u2026<img fetchpriority=\"high\" decoding=\"async\" class=\"size-full wp-image-109 aligncenter\" src=\"https:\/\/unpasdecote.asso.fr\/wp-content\/uploads\/2020\/11\/camp-cirque.png\" alt=\"\" width=\"300\" height=\"289\" srcset=\"https:\/\/unpasdecote.asso.fr\/wp-content\/uploads\/2020\/11\/camp-cirque.png 300w, https:\/\/unpasdecote.asso.fr\/wp-content\/uploads\/2020\/11\/camp-cirque-280x270.png 280w\" sizes=\"(max-width: 300px) 100vw, 300px\" \/><\/p>\r\n<h1 style=\"text-align: center;\"><strong>Contenu <br \/><\/strong><\/h1>\r\n<p style=\"text-align: center;\">Les propositions s\u2019adaptent aux publics et au projets des structures. De s\u00e9ances d&rsquo;initiation \u00e0 la cr\u00e9ation de spectacles en passant par des ateliers parents enfants.<\/p>\r\n<div id=\"comp-l3yv1iwy\" class=\"_2Hij5 _3bcaz\" data-scope=\"\" data-repeater-items-indexes=\"\" data-testid=\"richTextElement\">\r\n<h2 style=\"text-align: center;\"><strong>Disciplines<\/strong><\/h2>\r\n<p class=\"font_6\">ACROBATIES Port\u00e9s \u2022 \u00c9quilibre \u2022 Pyramides<\/p>\r\n<p class=\"font_6\">\u00c9QUILIBRE SUR OBJETS Fil \u2022 Boule \u2022 \u00c9chasses \u2022\u00a0 Rolla-Bolla \u2022 P\u00e9dalgo \u2022 Monocycle<\/p>\r\n<p class=\"font_6\">JONGLAGE B\u00e2ton du diable \u2022 Balles \u2022 Anneaux \u2022 Assiettes \u2022 Diabolo \u2022 Bo\u00eete \u00e0 cigares \u2022 Chapeaux \u2022 Foulards<\/p>\r\n<p class=\"font_6\">JEUX D&rsquo;EXPRESSIONS clown, jeux de th\u00e9\u00e2tre<\/p>\r\n<p>A\u00c9RIENS Trap\u00e8ze \u2022 Tissu . Cerceau \u2022 Corde (Sous r\u00e9serve de l\u2019espace n\u00e9cessaire \u00e0 l&rsquo;installation du portique)<\/p>\r\n<p><img decoding=\"async\" class=\"alignnone size-full wp-image-711\" src=\"https:\/\/unpasdecote.asso.fr\/wp-content\/uploads\/2022\/12\/280261787_151797770672442_3069746348227700207_n.jpg\" alt=\"\" width=\"2048\" height=\"1356\" srcset=\"https:\/\/unpasdecote.asso.fr\/wp-content\/uploads\/2022\/12\/280261787_151797770672442_3069746348227700207_n.jpg 2048w, https:\/\/unpasdecote.asso.fr\/wp-content\/uploads\/2022\/12\/280261787_151797770672442_3069746348227700207_n-300x199.jpg 300w, https:\/\/unpasdecote.asso.fr\/wp-content\/uploads\/2022\/12\/280261787_151797770672442_3069746348227700207_n-1024x678.jpg 1024w, https:\/\/unpasdecote.asso.fr\/wp-content\/uploads\/2022\/12\/280261787_151797770672442_3069746348227700207_n-768x509.jpg 768w, https:\/\/unpasdecote.asso.fr\/wp-content\/uploads\/2022\/12\/280261787_151797770672442_3069746348227700207_n-1536x1017.jpg 1536w, https:\/\/unpasdecote.asso.fr\/wp-content\/uploads\/2022\/12\/280261787_151797770672442_3069746348227700207_n-408x270.jpg 408w, https:\/\/unpasdecote.asso.fr\/wp-content\/uploads\/2022\/12\/280261787_151797770672442_3069746348227700207_n-1320x874.jpg 1320w\" sizes=\"(max-width: 2048px) 100vw, 2048px\" \/><\/p>\r\n<\/div>\r\n<p>&nbsp;<\/p>\r\n<p>&nbsp;<\/p>\r\n\r\n\r\n\r\n\r\n","protected":false},"excerpt":{"rendered":"<p>Un Pas De C\u00f4t\u00e9 propose des interventions Arts Du Cirque au sein des structures. Les interventions peuvent \u00eatre compl\u00e9ter par des accueils \u00e0 la journ\u00e9e &hellip; <\/p>\n","protected":false},"author":1,"featured_media":729,"parent":0,"menu_order":0,"comment_status":"closed","ping_status":"open","template":"","meta":{"footnotes":""},"class_list":["post-29","page","type-page","status-publish","has-post-thumbnail","hentry"],"_links":{"self":[{"href":"https:\/\/unpasdecote.asso.fr\/index.php\/wp-json\/wp\/v2\/pages\/29","targetHints":{"allow":["GET"]}}],"collection":[{"href":"https:\/\/unpasdecote.asso.fr\/index.php\/wp-json\/wp\/v2\/pages"}],"about":[{"href":"https:\/\/unpasdecote.asso.fr\/index.php\/wp-json\/wp\/v2\/types\/page"}],"author":[{"embeddable":true,"href":"https:\/\/unpasdecote.asso.fr\/index.php\/wp-json\/wp\/v2\/users\/1"}],"replies":[{"embeddable":true,"href":"https:\/\/unpasdecote.asso.fr\/index.php\/wp-json\/wp\/v2\/comments?post=29"}],"version-history":[{"count":12,"href":"https:\/\/unpasdecote.asso.fr\/index.php\/wp-json\/wp\/v2\/pages\/29\/revisions"}],"predecessor-version":[{"id":732,"href":"https:\/\/unpasdecote.asso.fr\/index.php\/wp-json\/wp\/v2\/pages\/29\/revisions\/732"}],"wp:featuredmedia":[{"embeddable":true,"href":"https:\/\/unpasdecote.asso.fr\/index.php\/wp-json\/wp\/v2\/media\/729"}],"wp:attachment":[{"href":"https:\/\/unpasdecote.asso.fr\/index.php\/wp-json\/wp\/v2\/media?parent=29"}],"curies":[{"name":"wp","href":"https:\/\/api.w.org\/{rel}","templated":true}]}}