{"id":355,"date":"2021-01-11T10:44:21","date_gmt":"2021-01-11T09:44:21","guid":{"rendered":"http:\/\/unpasdecote.asso.fr\/?p=355"},"modified":"2023-12-01T09:47:08","modified_gmt":"2023-12-01T08:47:08","slug":"contacts-et-horaires","status":"publish","type":"page","link":"https:\/\/unpasdecote.asso.fr\/index.php\/contacts-et-horaires\/","title":{"rendered":"Contacts-horaires-Acc\u00e8s"},"content":{"rendered":"<p><strong>mail<\/strong> : <a href=\"mailto:info@unpasdecote.asso.fr\">info@unpasdecote.asso.fr<\/a><\/p>\n<p><strong>Tel :<\/strong> 02 41 55 48 66<\/p>\n<p><strong>Horaires d&rsquo;accueil :<\/strong><\/p>\n<p>Lundi, Mardi, Mercredi, et Jeudi : 9h-12h30<\/p>\n<p><strong>Adresse :<\/strong><\/p>\n<p><a href=\"https:\/\/goo.gl\/maps\/Xp7TKQvGAYRFtdfa8\" target=\"_blank\" rel=\"noopener\"><strong>Association Un Pas De C\u00f4t\u00e9<\/strong><\/a><\/p>\n<p>Domaine Culturel<\/p>\n<p>4, Chemin de la Fontaine<\/p>\n<p>Commune d\u00e9l\u00e9gu\u00e9e de St L\u00e9zin<\/p>\n<p>49120 Chemill\u00e9-En-Anjou<br \/>\n<img fetchpriority=\"high\" decoding=\"async\" class=\"alignnone size-full wp-image-1069\" src=\"https:\/\/unpasdecote.asso.fr\/wp-content\/uploads\/2023\/05\/1.png\" alt=\"\" width=\"1414\" height=\"2000\" srcset=\"https:\/\/unpasdecote.asso.fr\/wp-content\/uploads\/2023\/05\/1.png 1414w, https:\/\/unpasdecote.asso.fr\/wp-content\/uploads\/2023\/05\/1-212x300.png 212w, https:\/\/unpasdecote.asso.fr\/wp-content\/uploads\/2023\/05\/1-724x1024.png 724w, https:\/\/unpasdecote.asso.fr\/wp-content\/uploads\/2023\/05\/1-768x1086.png 768w, https:\/\/unpasdecote.asso.fr\/wp-content\/uploads\/2023\/05\/1-1086x1536.png 1086w, https:\/\/unpasdecote.asso.fr\/wp-content\/uploads\/2023\/05\/1-191x270.png 191w, https:\/\/unpasdecote.asso.fr\/wp-content\/uploads\/2023\/05\/1-1320x1867.png 1320w\" sizes=\"(max-width: 1414px) 100vw, 1414px\" \/><\/p>\n","protected":false},"excerpt":{"rendered":"<p>mail : info@unpasdecote.asso.fr Tel : 02 41 55 48 66 Horaires d&rsquo;accueil : Lundi, Mardi, Mercredi, et Jeudi : 9h-12h30 Adresse : Association Un Pas &hellip; <\/p>\n","protected":false},"author":1,"featured_media":0,"parent":0,"menu_order":0,"comment_status":"closed","ping_status":"open","template":"","meta":{"footnotes":""},"class_list":["post-355","page","type-page","status-publish","hentry"],"_links":{"self":[{"href":"https:\/\/unpasdecote.asso.fr\/index.php\/wp-json\/wp\/v2\/pages\/355","targetHints":{"allow":["GET"]}}],"collection":[{"href":"https:\/\/unpasdecote.asso.fr\/index.php\/wp-json\/wp\/v2\/pages"}],"about":[{"href":"https:\/\/unpasdecote.asso.fr\/index.php\/wp-json\/wp\/v2\/types\/page"}],"author":[{"embeddable":true,"href":"https:\/\/unpasdecote.asso.fr\/index.php\/wp-json\/wp\/v2\/users\/1"}],"replies":[{"embeddable":true,"href":"https:\/\/unpasdecote.asso.fr\/index.php\/wp-json\/wp\/v2\/comments?post=355"}],"version-history":[{"count":6,"href":"https:\/\/unpasdecote.asso.fr\/index.php\/wp-json\/wp\/v2\/pages\/355\/revisions"}],"predecessor-version":[{"id":1135,"href":"https:\/\/unpasdecote.asso.fr\/index.php\/wp-json\/wp\/v2\/pages\/355\/revisions\/1135"}],"wp:attachment":[{"href":"https:\/\/unpasdecote.asso.fr\/index.php\/wp-json\/wp\/v2\/media?parent=355"}],"curies":[{"name":"wp","href":"https:\/\/api.w.org\/{rel}","templated":true}]}}